{"id":13442,"date":"2021-06-04T18:08:57","date_gmt":"2021-06-04T21:08:57","guid":{"rendered":"http:\/\/lazari.com.br\/site\/?post_type=avada_portfolio&#038;p=13442"},"modified":"2022-04-29T00:34:36","modified_gmt":"2022-04-29T03:34:36","slug":"2009-barack-obama-democrats-presidente-usa","status":"publish","type":"avada_portfolio","link":"http:\/\/lazari.com.br\/site\/portfolio-items\/2009-barack-obama-democrats-presidente-usa\/","title":{"rendered":"2009 &#8211; Barack Obama (Democrats) Presidente &#8211; USA"},"content":{"rendered":"<div class=\"fusion-fullwidth fullwidth-box fusion-builder-row-1 fusion-flex-container nonhundred-percent-fullwidth non-hundred-percent-height-scrolling\" style=\"background-color: rgba(255,255,255,0);background-position: center center;background-repeat: no-repeat;border-width: 0px 0px 0px 0px;border-color:#eae9e9;border-style:solid;\" ><div class=\"fusion-builder-row fusion-row fusion-flex-align-items-flex-start\" style=\"max-width:1216.8px;margin-left: calc(-4% \/ 2 );margin-right: calc(-4% \/ 2 );\"><div class=\"fusion-layout-column fusion_builder_column fusion-builder-column-0 fusion_builder_column_2_3 2_3 fusion-flex-column\"><div class=\"fusion-column-wrapper fusion-flex-justify-content-flex-start fusion-content-layout-column\" style=\"background-position:left top;background-repeat:no-repeat;-webkit-background-size:cover;-moz-background-size:cover;-o-background-size:cover;background-size:cover;padding: 0px 0px 0px 0px;\"><div class=\"fusion-video fusion-youtube\" style=\"max-width:600px;max-height:360px;align-self:center; width:100%\"><div class=\"video-shortcode\"><iframe title=\"YouTube video player 1\" src=\"https:\/\/www.youtube.com\/embed\/IroUX6wBgQE?wmode=transparent&autoplay=0\" width=\"600\" height=\"360\" allowfullscreen allow=\"autoplay; fullscreen\"><\/iframe><\/div><\/div><div class=\"fusion-separator fusion-full-width-sep\" style=\"align-self: center;margin-left: auto;margin-right: auto;width:100%;\"><div class=\"fusion-separator-border sep-double\" style=\"border-color:#e0dede;border-top-width:1px;border-bottom-width:1px;\"><\/div><\/div><div class=\"fusion-video fusion-youtube\" style=\"max-width:600px;max-height:360px;align-self:center; width:100%\"><div class=\"video-shortcode\"><iframe title=\"YouTube video player 2\" src=\"https:\/\/www.youtube.com\/embed\/E64hWRc0X8M?wmode=transparent&autoplay=0\" width=\"600\" height=\"360\" allowfullscreen allow=\"autoplay; fullscreen\"><\/iframe><\/div><\/div><\/div><style type=\"text\/css\">.fusion-body .fusion-builder-column-0{width:66.666666666667% !important;margin-top : 0px;margin-bottom : 20px;}.fusion-builder-column-0 > .fusion-column-wrapper {padding-top : 0px !important;padding-right : 0px !important;margin-right : 2.88%;padding-bottom : 0px !important;padding-left : 0px !important;margin-left : 2.88%;}@media only screen and (max-width:1024px) {.fusion-body .fusion-builder-column-0{width:100% !important;order : 0;}.fusion-builder-column-0 > .fusion-column-wrapper {margin-right : 1.92%;margin-left : 1.92%;}}@media only screen and (max-width:640px) {.fusion-body .fusion-builder-column-0{width:100% !important;order : 0;}.fusion-builder-column-0 > .fusion-column-wrapper {margin-right : 1.92%;margin-left : 1.92%;}}<\/style><\/div><div class=\"fusion-layout-column fusion_builder_column fusion-builder-column-1 fusion_builder_column_1_3 1_3 fusion-flex-column\"><div class=\"fusion-column-wrapper fusion-flex-justify-content-flex-start fusion-content-layout-column\" style=\"background-position:left top;background-repeat:no-repeat;-webkit-background-size:cover;-moz-background-size:cover;-o-background-size:cover;background-size:cover;padding: 0px 0px 0px 0px;\"><div class=\"fusion-text fusion-text-1\"><p>Em 2009, quando estive morando nos Estados Unidos, em fun\u00e7\u00e3o de um trabalho realizado para uma rede farmac\u00eautica, fui contratado para trabalhar no departamento de comunica\u00e7\u00e3o da administra\u00e7\u00e3o do Presidente Barack Obama.<\/p>\n<p>Participando de reuni\u00f5es com o pr\u00f3prio presidente Obama, Jim Messina e outras pessoas do staff presidencial.<\/p>\n<p>Foi uma experi\u00eancia \u00edmpar em minha vida, na qual pude trabalhar e conhecer salas e escrit\u00f3rios at\u00e9 mesmo fechados para o p\u00fablico em geral na White House e tamb\u00e9m ter um contato mais amplo e di\u00e1rio com o anexo Eisenhower Executive Office Building e com White House Conference Center que \u00e9 outro anexo do complexo administrativo onde conheci e trabalhei com diversas pessoas do governo norte-americano.<\/p>\n<p>Foto de Capa: Oficial &#8211; White House<\/p>\n<\/div><\/div><style type=\"text\/css\">.fusion-body .fusion-builder-column-1{width:33.333333333333% !important;margin-top : 0px;margin-bottom : 20px;}.fusion-builder-column-1 > .fusion-column-wrapper {padding-top : 0px !important;padding-right : 0px !important;margin-right : 5.76%;padding-bottom : 0px !important;padding-left : 0px !important;margin-left : 5.76%;}@media only screen and (max-width:1024px) {.fusion-body .fusion-builder-column-1{width:100% !important;order : 0;}.fusion-builder-column-1 > .fusion-column-wrapper {margin-right : 1.92%;margin-left : 1.92%;}}@media only screen and (max-width:640px) {.fusion-body .fusion-builder-column-1{width:100% !important;order : 0;}.fusion-builder-column-1 > .fusion-column-wrapper {margin-right : 1.92%;margin-left : 1.92%;}}<\/style><\/div><\/div><style type=\"text\/css\">.fusion-body .fusion-flex-container.fusion-builder-row-1{ padding-top : 0px;margin-top : 0px;padding-right : 0px;padding-bottom : 0px;margin-bottom : 0px;padding-left : 0px;}<\/style><\/div>\n","protected":false},"excerpt":{"rendered":"","protected":false},"author":1,"featured_media":13444,"menu_order":0,"comment_status":"open","ping_status":"closed","template":"","format":"standard","meta":{"footnotes":""},"portfolio_category":[45,52,38],"portfolio_skills":[],"portfolio_tags":[],"class_list":["post-13442","avada_portfolio","type-avada_portfolio","status-publish","format-standard","has-post-thumbnail","hentry","portfolio_category-45","portfolio_category-mandato","portfolio_category-presidente"],"_links":{"self":[{"href":"http:\/\/lazari.com.br\/site\/wp-json\/wp\/v2\/avada_portfolio\/13442","targetHints":{"allow":["GET"]}}],"collection":[{"href":"http:\/\/lazari.com.br\/site\/wp-json\/wp\/v2\/avada_portfolio"}],"about":[{"href":"http:\/\/lazari.com.br\/site\/wp-json\/wp\/v2\/types\/avada_portfolio"}],"author":[{"embeddable":true,"href":"http:\/\/lazari.com.br\/site\/wp-json\/wp\/v2\/users\/1"}],"replies":[{"embeddable":true,"href":"http:\/\/lazari.com.br\/site\/wp-json\/wp\/v2\/comments?post=13442"}],"version-history":[{"count":5,"href":"http:\/\/lazari.com.br\/site\/wp-json\/wp\/v2\/avada_portfolio\/13442\/revisions"}],"predecessor-version":[{"id":14027,"href":"http:\/\/lazari.com.br\/site\/wp-json\/wp\/v2\/avada_portfolio\/13442\/revisions\/14027"}],"wp:featuredmedia":[{"embeddable":true,"href":"http:\/\/lazari.com.br\/site\/wp-json\/wp\/v2\/media\/13444"}],"wp:attachment":[{"href":"http:\/\/lazari.com.br\/site\/wp-json\/wp\/v2\/media?parent=13442"}],"wp:term":[{"taxonomy":"portfolio_category","embeddable":true,"href":"http:\/\/lazari.com.br\/site\/wp-json\/wp\/v2\/portfolio_category?post=13442"},{"taxonomy":"portfolio_skills","embeddable":true,"href":"http:\/\/lazari.com.br\/site\/wp-json\/wp\/v2\/portfolio_skills?post=13442"},{"taxonomy":"portfolio_tags","embeddable":true,"href":"http:\/\/lazari.com.br\/site\/wp-json\/wp\/v2\/portfolio_tags?post=13442"}],"curies":[{"name":"wp","href":"https:\/\/api.w.org\/{rel}","templated":true}]}}

<div class="fusion-fullwidth fullwidth-box fusion-builder-row-1 fusion-flex-container nonhundred-percent-fullwidth non-hundred-percent-height-scrolling" style="background-color: rgba(255,255,255,0);background-position: center center;background-repeat: no-repeat;border-width: 0px 0px 0px 0px;border-color:#eae9e9;border-style:solid;" ><div class="fusion-builder-row fusion-row fusion-flex-align-items-flex-start" style="max-width:1216.8px;margin-left: calc(-4% / 2 );margin-right: calc(-4% / 2 );"><div class="fusion-layout-column fusion_builder_column fusion-builder-column-0 fusion_builder_column_2_3 2_3 fusion-flex-column"><div class="fusion-column-wrapper fusion-flex-justify-content-flex-start fusion-content-layout-column" style="background-position:left top;background-repeat:no-repeat;-webkit-background-size:cover;-moz-background-size:cover;-o-background-size:cover;background-size:cover;padding: 0px 0px 0px 0px;"><div class="fusion-video fusion-youtube" style="max-width:600px;max-height:360px;align-self:center; width:100%"><div class="video-shortcode"><iframe title="YouTube video player 1" src="https://www.youtube.com/embed/IroUX6wBgQE?wmode=transparent&autoplay=0" width="600" height="360" allowfullscreen allow="autoplay; fullscreen"></iframe></div></div><div class="fusion-separator fusion-full-width-sep" style="align-self: center;margin-left: auto;margin-right: auto;width:100%;"><div class="fusion-separator-border sep-double" style="border-color:#e0dede;border-top-width:1px;border-bottom-width:1px;"></div></div><div class="fusion-video fusion-youtube" style="max-width:600px;max-height:360px;align-self:center; width:100%"><div class="video-shortcode"><iframe title="YouTube video player 2" src="https://www.youtube.com/embed/E64hWRc0X8M?wmode=transparent&autoplay=0" width="600" height="360" allowfullscreen allow="autoplay; fullscreen"></iframe></div></div></div><style type="text/css">.fusion-body .fusion-builder-column-0{width:66.666666666667% !important;margin-top : 0px;margin-bottom : 20px;}.fusion-builder-column-0 > .fusion-column-wrapper {padding-top : 0px !important;padding-right : 0px !important;margin-right : 2.88%;padding-bottom : 0px !important;padding-left : 0px !important;margin-left : 2.88%;}@media only screen and (max-width:1024px) {.fusion-body .fusion-builder-column-0{width:100% !important;order : 0;}.fusion-builder-column-0 > .fusion-column-wrapper {margin-right : 1.92%;margin-left : 1.92%;}}@media only screen and (max-width:640px) {.fusion-body .fusion-builder-column-0{width:100% !important;order : 0;}.fusion-builder-column-0 > .fusion-column-wrapper {margin-right : 1.92%;margin-left : 1.92%;}}</style></div><div class="fusion-layout-column fusion_builder_column fusion-builder-column-1 fusion_builder_column_1_3 1_3 fusion-flex-column"><div class="fusion-column-wrapper fusion-flex-justify-content-flex-start fusion-content-layout-column" style="background-position:left top;background-repeat:no-repeat;-webkit-background-size:cover;-moz-background-size:cover;-o-background-size:cover;background-size:cover;padding: 0px 0px 0px 0px;"><div class="fusion-text fusion-text-1"><p>Em 2009, quando estive morando nos Estados Unidos, em função de um trabalho realizado para uma rede farmacêutica, fui contratado para trabalhar no departamento de comunicação da administração do Presidente Barack Obama.</p>
<p>Participando de reuniões com o próprio presidente Obama, Jim Messina e outras pessoas do staff presidencial.</p>
<p>Foi uma experiência ímpar em minha vida, na qual pude trabalhar e conhecer salas e escritórios até mesmo fechados para o público em geral na White House e também ter um contato mais amplo e diário com o anexo Eisenhower Executive Office Building e com White House Conference Center que é outro anexo do complexo administrativo onde conheci e trabalhei com diversas pessoas do governo norte-americano.</p>
<p>Foto de Capa: Oficial &#8211; White House</p>
</div></div><style type="text/css">.fusion-body .fusion-builder-column-1{width:33.333333333333% !important;margin-top : 0px;margin-bottom : 20px;}.fusion-builder-column-1 > .fusion-column-wrapper {padding-top : 0px !important;padding-right : 0px !important;margin-right : 5.76%;padding-bottom : 0px !important;padding-left : 0px !important;margin-left : 5.76%;}@media only screen and (max-width:1024px) {.fusion-body .fusion-builder-column-1{width:100% !important;order : 0;}.fusion-builder-column-1 > .fusion-column-wrapper {margin-right : 1.92%;margin-left : 1.92%;}}@media only screen and (max-width:640px) {.fusion-body .fusion-builder-column-1{width:100% !important;order : 0;}.fusion-builder-column-1 > .fusion-column-wrapper {margin-right : 1.92%;margin-left : 1.92%;}}</style></div></div><style type="text/css">.fusion-body .fusion-flex-container.fusion-builder-row-1{ padding-top : 0px;margin-top : 0px;padding-right : 0px;padding-bottom : 0px;margin-bottom : 0px;padding-left : 0px;}</style></div>
