{"id":13735,"date":"2021-08-06T06:45:58","date_gmt":"2021-08-06T09:45:58","guid":{"rendered":"http:\/\/lazari.com.br\/site\/?post_type=avada_portfolio&#038;p=13735"},"modified":"2022-04-29T00:24:55","modified_gmt":"2022-04-29T03:24:55","slug":"2016-pietro-parronchi-pv-vereador-limeira-sp","status":"publish","type":"avada_portfolio","link":"http:\/\/lazari.com.br\/site\/portfolio-items\/2016-pietro-parronchi-pv-vereador-limeira-sp\/","title":{"rendered":"2016 &#8211; Pietro Parronchi (PV) Vereador &#8211; Limeira\/SP"},"content":{"rendered":"<div class=\"fusion-fullwidth fullwidth-box fusion-builder-row-1 fusion-flex-container nonhundred-percent-fullwidth non-hundred-percent-height-scrolling\" style=\"background-color: rgba(255,255,255,0);background-position: center center;background-repeat: no-repeat;border-width: 0px 0px 0px 0px;border-color:#eae9e9;border-style:solid;\" ><div class=\"fusion-builder-row fusion-row fusion-flex-align-items-flex-start\" style=\"max-width:1216.8px;margin-left: calc(-4% \/ 2 );margin-right: calc(-4% \/ 2 );\"><div class=\"fusion-layout-column fusion_builder_column fusion-builder-column-0 fusion_builder_column_2_3 2_3 fusion-flex-column\"><div class=\"fusion-column-wrapper fusion-flex-justify-content-flex-start fusion-content-layout-column\" style=\"background-position:left top;background-repeat:no-repeat;-webkit-background-size:cover;-moz-background-size:cover;-o-background-size:cover;background-size:cover;padding: 0px 0px 0px 0px;\"><div class=\"fusion-slider-sc\"><div class=\"fusion-flexslider-loading flexslider flexslider-hover-type-none\" data-slideshow_autoplay=\"1\" data-slideshow_smooth_height=\"0\" data-slideshow_speed=\"7000\" style=\"max-width:100%;height:100%;\"><ul class=\"slides\"><li class=\"image\"><span class=\"fusion-image-hover-element hover-type-none\"><img decoding=\"async\" src=\"http:\/\/lazari.com.br\/site\/wp-content\/uploads\/2021\/08\/2016-Pietro-Parronchi-01.jpg\" width=\"1080\" height=\"1080\" class=\"wp-image-13738\" srcset=\"http:\/\/lazari.com.br\/site\/wp-content\/uploads\/2021\/08\/2016-Pietro-Parronchi-01-200x200.jpg 200w, http:\/\/lazari.com.br\/site\/wp-content\/uploads\/2021\/08\/2016-Pietro-Parronchi-01-400x400.jpg 400w, http:\/\/lazari.com.br\/site\/wp-content\/uploads\/2021\/08\/2016-Pietro-Parronchi-01-600x600.jpg 600w, http:\/\/lazari.com.br\/site\/wp-content\/uploads\/2021\/08\/2016-Pietro-Parronchi-01-800x800.jpg 800w, http:\/\/lazari.com.br\/site\/wp-content\/uploads\/2021\/08\/2016-Pietro-Parronchi-01.jpg 1080w\" sizes=\"(max-width: 1024px) 100vw, (max-width: 640px) 100vw, 800px\" \/><\/span><\/li><li class=\"image\"><span class=\"fusion-image-hover-element hover-type-none\"><img decoding=\"async\" src=\"http:\/\/lazari.com.br\/site\/wp-content\/uploads\/2021\/08\/2016-Pietro-Parronchi-02.jpg\" width=\"1080\" height=\"1080\" class=\"wp-image-13737\" srcset=\"http:\/\/lazari.com.br\/site\/wp-content\/uploads\/2021\/08\/2016-Pietro-Parronchi-02-200x200.jpg 200w, http:\/\/lazari.com.br\/site\/wp-content\/uploads\/2021\/08\/2016-Pietro-Parronchi-02-400x400.jpg 400w, http:\/\/lazari.com.br\/site\/wp-content\/uploads\/2021\/08\/2016-Pietro-Parronchi-02-600x600.jpg 600w, http:\/\/lazari.com.br\/site\/wp-content\/uploads\/2021\/08\/2016-Pietro-Parronchi-02-800x800.jpg 800w, http:\/\/lazari.com.br\/site\/wp-content\/uploads\/2021\/08\/2016-Pietro-Parronchi-02.jpg 1080w\" sizes=\"(max-width: 1024px) 100vw, (max-width: 640px) 100vw, 800px\" \/><\/span><\/li><\/ul><\/div><\/div><\/div><style type=\"text\/css\">.fusion-body .fusion-builder-column-0{width:66.666666666667% !important;margin-top : 0px;margin-bottom : 20px;}.fusion-builder-column-0 > .fusion-column-wrapper {padding-top : 0px !important;padding-right : 0px !important;margin-right : 2.88%;padding-bottom : 0px !important;padding-left : 0px !important;margin-left : 2.88%;}@media only screen and (max-width:1024px) {.fusion-body .fusion-builder-column-0{width:100% !important;order : 0;}.fusion-builder-column-0 > .fusion-column-wrapper {margin-right : 1.92%;margin-left : 1.92%;}}@media only screen and (max-width:640px) {.fusion-body .fusion-builder-column-0{width:100% !important;order : 0;}.fusion-builder-column-0 > .fusion-column-wrapper {margin-right : 1.92%;margin-left : 1.92%;}}<\/style><\/div><div class=\"fusion-layout-column fusion_builder_column fusion-builder-column-1 fusion_builder_column_1_3 1_3 fusion-flex-column\"><div class=\"fusion-column-wrapper fusion-flex-justify-content-flex-start fusion-content-layout-column\" style=\"background-position:left top;background-repeat:no-repeat;-webkit-background-size:cover;-moz-background-size:cover;-o-background-size:cover;background-size:cover;padding: 0px 0px 0px 0px;\"><div class=\"fusion-text fusion-text-1\"><p>Jovem candidato a vereador teve expressiva vota\u00e7\u00e3o contando com uma campanha criativa. Muito mais voltada para o p\u00fablico jovem que votaria pela primeira vez e cada vez mais pr\u00f3ximo do eleitor.<\/p>\n<p>Artes da campanha: NovareMKT<\/p>\n<p>Foto de Capa: Oficial da campanha<\/p>\n<\/div><\/div><style type=\"text\/css\">.fusion-body .fusion-builder-column-1{width:33.333333333333% !important;margin-top : 0px;margin-bottom : 20px;}.fusion-builder-column-1 > .fusion-column-wrapper {padding-top : 0px !important;padding-right : 0px !important;margin-right : 5.76%;padding-bottom : 0px !important;padding-left : 0px !important;margin-left : 5.76%;}@media only screen and (max-width:1024px) {.fusion-body .fusion-builder-column-1{width:100% !important;order : 0;}.fusion-builder-column-1 > .fusion-column-wrapper {margin-right : 1.92%;margin-left : 1.92%;}}@media only screen and (max-width:640px) {.fusion-body .fusion-builder-column-1{width:100% !important;order : 0;}.fusion-builder-column-1 > .fusion-column-wrapper {margin-right : 1.92%;margin-left : 1.92%;}}<\/style><\/div><\/div><style type=\"text\/css\">.fusion-body .fusion-flex-container.fusion-builder-row-1{ padding-top : 0px;margin-top : 0px;padding-right : 0px;padding-bottom : 0px;margin-bottom : 0px;padding-left : 0px;}<\/style><\/div>\n","protected":false},"excerpt":{"rendered":"","protected":false},"author":1,"featured_media":13740,"menu_order":0,"comment_status":"open","ping_status":"closed","template":"","format":"standard","meta":{"footnotes":""},"portfolio_category":[54,7],"portfolio_skills":[],"portfolio_tags":[],"class_list":["post-13735","avada_portfolio","type-avada_portfolio","status-publish","format-standard","has-post-thumbnail","hentry","portfolio_category-54","portfolio_category-vereador"],"_links":{"self":[{"href":"http:\/\/lazari.com.br\/site\/wp-json\/wp\/v2\/avada_portfolio\/13735","targetHints":{"allow":["GET"]}}],"collection":[{"href":"http:\/\/lazari.com.br\/site\/wp-json\/wp\/v2\/avada_portfolio"}],"about":[{"href":"http:\/\/lazari.com.br\/site\/wp-json\/wp\/v2\/types\/avada_portfolio"}],"author":[{"embeddable":true,"href":"http:\/\/lazari.com.br\/site\/wp-json\/wp\/v2\/users\/1"}],"replies":[{"embeddable":true,"href":"http:\/\/lazari.com.br\/site\/wp-json\/wp\/v2\/comments?post=13735"}],"version-history":[{"count":3,"href":"http:\/\/lazari.com.br\/site\/wp-json\/wp\/v2\/avada_portfolio\/13735\/revisions"}],"predecessor-version":[{"id":14015,"href":"http:\/\/lazari.com.br\/site\/wp-json\/wp\/v2\/avada_portfolio\/13735\/revisions\/14015"}],"wp:featuredmedia":[{"embeddable":true,"href":"http:\/\/lazari.com.br\/site\/wp-json\/wp\/v2\/media\/13740"}],"wp:attachment":[{"href":"http:\/\/lazari.com.br\/site\/wp-json\/wp\/v2\/media?parent=13735"}],"wp:term":[{"taxonomy":"portfolio_category","embeddable":true,"href":"http:\/\/lazari.com.br\/site\/wp-json\/wp\/v2\/portfolio_category?post=13735"},{"taxonomy":"portfolio_skills","embeddable":true,"href":"http:\/\/lazari.com.br\/site\/wp-json\/wp\/v2\/portfolio_skills?post=13735"},{"taxonomy":"portfolio_tags","embeddable":true,"href":"http:\/\/lazari.com.br\/site\/wp-json\/wp\/v2\/portfolio_tags?post=13735"}],"curies":[{"name":"wp","href":"https:\/\/api.w.org\/{rel}","templated":true}]}}

<div class="fusion-fullwidth fullwidth-box fusion-builder-row-1 fusion-flex-container nonhundred-percent-fullwidth non-hundred-percent-height-scrolling" style="background-color: rgba(255,255,255,0);background-position: center center;background-repeat: no-repeat;border-width: 0px 0px 0px 0px;border-color:#eae9e9;border-style:solid;" ><div class="fusion-builder-row fusion-row fusion-flex-align-items-flex-start" style="max-width:1216.8px;margin-left: calc(-4% / 2 );margin-right: calc(-4% / 2 );"><div class="fusion-layout-column fusion_builder_column fusion-builder-column-0 fusion_builder_column_2_3 2_3 fusion-flex-column"><div class="fusion-column-wrapper fusion-flex-justify-content-flex-start fusion-content-layout-column" style="background-position:left top;background-repeat:no-repeat;-webkit-background-size:cover;-moz-background-size:cover;-o-background-size:cover;background-size:cover;padding: 0px 0px 0px 0px;"><div class="fusion-slider-sc"><div class="fusion-flexslider-loading flexslider flexslider-hover-type-none" data-slideshow_autoplay="1" data-slideshow_smooth_height="0" data-slideshow_speed="7000" style="max-width:100%;height:100%;"><ul class="slides"><li class="image"><span class="fusion-image-hover-element hover-type-none"><img decoding="async" src="http://lazari.com.br/site/wp-content/uploads/2021/08/2016-Pietro-Parronchi-01.jpg" width="1080" height="1080" class="wp-image-13738" srcset="http://lazari.com.br/site/wp-content/uploads/2021/08/2016-Pietro-Parronchi-01-200x200.jpg 200w, http://lazari.com.br/site/wp-content/uploads/2021/08/2016-Pietro-Parronchi-01-400x400.jpg 400w, http://lazari.com.br/site/wp-content/uploads/2021/08/2016-Pietro-Parronchi-01-600x600.jpg 600w, http://lazari.com.br/site/wp-content/uploads/2021/08/2016-Pietro-Parronchi-01-800x800.jpg 800w, http://lazari.com.br/site/wp-content/uploads/2021/08/2016-Pietro-Parronchi-01.jpg 1080w" sizes="(max-width: 1024px) 100vw, (max-width: 640px) 100vw, 800px" /></span></li><li class="image"><span class="fusion-image-hover-element hover-type-none"><img decoding="async" src="http://lazari.com.br/site/wp-content/uploads/2021/08/2016-Pietro-Parronchi-02.jpg" width="1080" height="1080" class="wp-image-13737" srcset="http://lazari.com.br/site/wp-content/uploads/2021/08/2016-Pietro-Parronchi-02-200x200.jpg 200w, http://lazari.com.br/site/wp-content/uploads/2021/08/2016-Pietro-Parronchi-02-400x400.jpg 400w, http://lazari.com.br/site/wp-content/uploads/2021/08/2016-Pietro-Parronchi-02-600x600.jpg 600w, http://lazari.com.br/site/wp-content/uploads/2021/08/2016-Pietro-Parronchi-02-800x800.jpg 800w, http://lazari.com.br/site/wp-content/uploads/2021/08/2016-Pietro-Parronchi-02.jpg 1080w" sizes="(max-width: 1024px) 100vw, (max-width: 640px) 100vw, 800px" /></span></li></ul></div></div></div><style type="text/css">.fusion-body .fusion-builder-column-0{width:66.666666666667% !important;margin-top : 0px;margin-bottom : 20px;}.fusion-builder-column-0 > .fusion-column-wrapper {padding-top : 0px !important;padding-right : 0px !important;margin-right : 2.88%;padding-bottom : 0px !important;padding-left : 0px !important;margin-left : 2.88%;}@media only screen and (max-width:1024px) {.fusion-body .fusion-builder-column-0{width:100% !important;order : 0;}.fusion-builder-column-0 > .fusion-column-wrapper {margin-right : 1.92%;margin-left : 1.92%;}}@media only screen and (max-width:640px) {.fusion-body .fusion-builder-column-0{width:100% !important;order : 0;}.fusion-builder-column-0 > .fusion-column-wrapper {margin-right : 1.92%;margin-left : 1.92%;}}</style></div><div class="fusion-layout-column fusion_builder_column fusion-builder-column-1 fusion_builder_column_1_3 1_3 fusion-flex-column"><div class="fusion-column-wrapper fusion-flex-justify-content-flex-start fusion-content-layout-column" style="background-position:left top;background-repeat:no-repeat;-webkit-background-size:cover;-moz-background-size:cover;-o-background-size:cover;background-size:cover;padding: 0px 0px 0px 0px;"><div class="fusion-text fusion-text-1"><p>Jovem candidato a vereador teve expressiva votação contando com uma campanha criativa. Muito mais voltada para o público jovem que votaria pela primeira vez e cada vez mais próximo do eleitor.</p>
<p>Artes da campanha: NovareMKT</p>
<p>Foto de Capa: Oficial da campanha</p>
</div></div><style type="text/css">.fusion-body .fusion-builder-column-1{width:33.333333333333% !important;margin-top : 0px;margin-bottom : 20px;}.fusion-builder-column-1 > .fusion-column-wrapper {padding-top : 0px !important;padding-right : 0px !important;margin-right : 5.76%;padding-bottom : 0px !important;padding-left : 0px !important;margin-left : 5.76%;}@media only screen and (max-width:1024px) {.fusion-body .fusion-builder-column-1{width:100% !important;order : 0;}.fusion-builder-column-1 > .fusion-column-wrapper {margin-right : 1.92%;margin-left : 1.92%;}}@media only screen and (max-width:640px) {.fusion-body .fusion-builder-column-1{width:100% !important;order : 0;}.fusion-builder-column-1 > .fusion-column-wrapper {margin-right : 1.92%;margin-left : 1.92%;}}</style></div></div><style type="text/css">.fusion-body .fusion-flex-container.fusion-builder-row-1{ padding-top : 0px;margin-top : 0px;padding-right : 0px;padding-bottom : 0px;margin-bottom : 0px;padding-left : 0px;}</style></div>
